-2)*3?
2
Suppose -1327 = -10*n - 47. What is the units digit of n?
8
Let k(w) = 0*w - 4*w + w - w - 7. What is the units digit of k(-4)?
9
Let t(f) = -f**3 + 24*f**2 - 47*f + 9. What is the hundreds digit of t(7)?
5
Suppose 13 = j + 12, 5*p - 3*j - 7657 = 0. What is the units digit of p?
2
Suppose 18*f + 6*f = 1488. Let w = 105 + f. What is the hundreds digit of w?
1
Suppose -16 = -3*v + 4*x + 1, 0 = 2*v - 4*x - 10. What is the units digit of v?
7
Let l be (-2)/(-1)*(-19 - -18). What is the tens digit of (-3)/(l/38 + 0)?
5
Suppose -3*o = -6*o + 15. Suppose 5*g - o*s - 2 = -s, -2*g - 3*s + 10 = 0. Suppose 5*d - 185 = 4*f, -3*f - 137 = -4*d - g*f. What is the units digit of d?
3
Let q(l) be the first derivative of 2*l**2 + 26*l + 19. What is the tens digit of q(10)?
6
Let d = 756 - -7. Suppose -d = -10*l + 527. What is the units digit of l?
9
Let b = 6719 - 2567. What is the thousands digit of b?
4
Let w be 2 + (-2 - -3 - 3). Suppose s - 5*u = -41, u + 23 = -s - w*u. Let l = 39 + s. What is the units digit of l?
3
Suppose -12*m + 9*m = -6. What is the units digit of (1 + -3)*(m - 55)?
6
Suppose -260 = -3*p + 967. What is the units digit of p?
9
Let k(u) = 2*u - 23. Let o be k(9). Let w = o - -97. What is the units digit of w?
2
Suppose b = -16*j + 21*j + 2241, -4*b - 2*j + 9030 = 0. What is the units digit of b?
6
Suppose 0 = 4*i + 2*c + c - 24, -2*c - 4 = -4*i. Suppose -l + i*l = 24. What is the tens digit of 208/l*(-3)/(-2)?
2
Let r(m) = -89*m + 6. Let w be r(-6). Suppose w = 5*t - 180. What is the hundreds digit of t?
1
Let n(j) = 20*j**2. Suppose 2*d + 4 = 8. What is the tens digit of n(d)?
8
Suppose -67*v = -63*v - 396. Suppose 5*r + 2*x = 145, 4*r - v - 24 = -3*x. What is the tens digit of r?
2
Suppose 0 = -j - j. Let o be 65/3 - 1/(-3). Suppose j*s - 2*s = -o. What is the tens digit of s?
1
Let d(n) = n**2. Let x(h) = 8*h**2 + 12*h - 27. Let o(j) = -6*d(j) + x(j). What is the units digit of o(-11)?
3
Suppose 4 = p - f - 15, -p - f + 27 = 0. Suppose 1 + p = o. What is the units digit of o?
4
Let o(l) = l**2 - 9*l - 1. Suppose 2*q + 6 = -g + q, -8 = 2*g + 4*q. What is the units digit of o(g)?
5
Let w = 41 - 50. Suppose -4*u - i - 3*i + 40 = 0, -4*i + 10 = u. Let x = w + u. What is the units digit of x?
1
Suppose 0 = 5*s + 3*u - 236, 4*u = -3*s - 48 + 183. Suppose 0 = -2*l + 3*l - s. What is the units digit of l?
9
Let w(t) = -4*t**3 + 4*t + 24*t**2 - 9*t**2 - 21*t - 22 + 3*t**3. What is the units digit of w(13)?
5
Let y(q) = 184*q + 169. What is the hundreds digit of y(8)?
6
Suppose x = 2*f + f - 13, 5*f - 4*x = 10. Suppose -2*c + f*c = -8. What is the tens digit of (15/6)/(c/(-16))?
2
Let m(r) = 78*r - 16. Let a be m(3). Let g = a + -117. What is the units digit of g?
1
What is the units digit of (3*1374/18)/1?
9
Let g(n) = 3*n**2 - 101*n - 49. What is the tens digit of g(38)?
4
Suppose -4*c - m - 72 = -293, 4*m = 4. What is the hundreds digit of (4 + c/(-10))/(1/(-194))?
2
Let s(w) = -w**2 - 5*w. Let u be s(-10). Let j = u - -67. What is the tens digit of j?
1
Let h be 3/2*-2 - -7. Suppose h*x - 2*m - 71 = -3, -3*x + 2*m + 50 = 0. What is the units digit of x?
8
Let z be -1 + (-26)/(-12) + 3/(-18). What is the tens digit of 1 + 82/2*z?
4
Suppose -1 = 4*q - 5*f + 1, -4*f = -8. Suppose -q*p - 3*p - 217 = -2*d, -d = -3*p - 109. What is the hundreds digit of d?
1
Suppose -3*z + 2*r + 59 + 9 = 0, -4*z - 3*r = -68. Let f = z - 17. Suppose -5*p + 52 = 4*k, 4*p + f*k - 19 = 22. What is the units digit of p?
8
Let j(i) = -i**3 + 12*i**2 - 3*i - 9. Let n(o) = 3*o - 46. Let d be n(17). What is the hundreds digit of j(d)?
1
Suppose -4*o + 171 = -5*a - 2*o, -2*a - o - 63 = 0. Suppose -3*z + 0 = -4*j - 21, 3*z = 2*j + 15. What is the tens digit of (j + 2)*a/3?
1
Suppose t = 6*t + 105. Let c = t - -26. What is the units digit of c?
5
Let a be ((-42)/(-9) - 4)*3. Let b = a + -4. What is the units digit of ((-47)/b)/((-3)/(-6))?
7
Let f(i) = -i**2 - 16*i + 687. What is the hundreds digit of f(0)?
6
Suppose 4*n - 677 = 5*x, 0*n - 3*n + 501 = 3*x. What is the units digit of n?
8
Suppose 5*k + 1947 = 4*r, -r - r + 5*k = -971. Let v = -263 + r. What is the units digit of v?
5
Suppose -25936 = -20*m + 71144. What is the tens digit of m?
5
Suppose s + 28 = 8*s. Suppose s*a + 112 = 408. What is the tens digit of a?
7
Let j be (9 - 10) + 1*-49. Let s = 32 - j. What is the tens digit of s?
8
Suppose -51*r + 48*r - 9 = 0. What is the hundreds digit of (215 - 0)*(r - 114/(-30))?
1
Suppose 0 = -451*g + 443*g + 616. What is the units digit of g?
7
Let j = -64 + 66. What is the units digit of 125 - (1 + -4 + j)?
6
Let l(a) = 6*a**2 - 9*a - 27. What is the hundreds digit of l(11)?
6
What is the hundreds digit of ((-3341)/52)/(3/(-24))?
5
Suppose 2*k = 16 + 6. Suppose 0 = -12*l + k*l + 63. What is the units digit of l?
3
Let x(p) = 3*p**2 + 3*p + 2. Suppose -2*h + 10 = 4. Suppose t + 7 = 2*t - 2*f, -h*f = -5*t. What is the tens digit of x(t)?
2
Let k(j) = j**3 + 3*j**2 - 2*j + 2. Let p be k(-3). Let o be ((-6)/p)/(1/(-4)). Suppose -2*x + 37 = g, 2*x + o*g - 43 = -0*x. What is the tens digit of x?
1
Suppose -4*a + 10 = -n, -2*n - n + 3*a + 15 = 0. Suppose i = n + 90. What is the hundreds digit of i?
1
Suppose u - 3*b = 3 - 0, 49 = 3*u + b. Suppose -2*o = q + 12, -4*q + 3*o + 0 = u. Let c(j) = -j**2 - 10*j + 3. What is the units digit of c(q)?
7
Let n = 4988 + -2821. What is the thousands digit of n?
2
Let x(u) = -11*u - 21. Let a be x(-6). Let w = 142 - a. What is the tens digit of w?
9
Let l(g) = -g. Let q(i) = 2*i**2 + 4*i - 7. Let j(f) = l(f) - q(f). Let p be j(7). What is the units digit of (3/(-9))/(7/p)?
6
Suppose -6*b = -1088 - 886. Suppose -4*y - 33 = -b. What is the tens digit of y?
7
Let c(r) = -49*r**2 + 14*r + 1. Let p(l) = -49*l**2 + 13*l. Let v(x) = 4*c(x) - 5*p(x). What is the units digit of v(2)?
2
Let y be (-27268)/(-119) - (-1)/(-7). Let j = y + -163. What is the tens digit of j?
6
Let c = -275 - -440. What is the tens digit of c?
6
Let s = 7 + -13. Let t be (s - -8) + 1*87. Suppose c + 101 = h + 3*h, t = 4*h - 5*c. What is the units digit of h?
6
Let o(l) = 27*l - 3. Suppose -4*z - 11 = -b, -3 = -4*b - 5*z - 1. What is the units digit of o(b)?
8
Suppose -x + 373 = -43. Let h = -150 + x. What is the hundreds digit of h?
2
Let d = 81 + -101. Suppose 97 = 2*v - 45. Let r = d + v. What is the units digit of r?
1
Let x(f) = f**3 + 11*f**2 + 8. Let d(j) = -10*j - 1. Let z be d(1). What is the units digit of x(z)?
8
Let r(o) = -2*o + 2 + 30 - 6. What is the tens digit of r(-21)?
6
Let o = 1150 - -9. What is the tens digit of o?
5
Let a(j) = 38*j + 28. Let m be a(-10). Let o = 519 + m. What is the hundreds digit of o?
1
Let w(t) = -t - 6. Let p = 47 + -55. What is the units digit of w(p)?
2
Let y be (-1 + -1)/(4/22). Suppose 10*d = 7*d - 111. Let l = y - d. What is the tens digit of l?
2
Let p = 17 - 30. Let c = p - 2. What is the units digit of (-9)/15 + (-129)/c?
8
Let u(s) = -s - 1. Let q(l) = 2*l + 10. Let j(a) = -q(a) - 5*u(a). Let x = 29 + -18. What is the tens digit of j(x)?
2
Suppose -3*m + 3*h = -12, -2*m - 5*h = 12 + 1. Suppose 14 = 3*y - m. Suppose o = 2*o - t - 25, 4*o - 55 = -y*t. What is the units digit of o?
0
Let m(a) = -7*a - 8. Let s be m(-8). Suppose -3*n - p = 9, -5*p = -2*n + 1 - 7. What is the tens digit of (-6)/(n - (-135)/s)?
3
Let m = 10 - 10. Suppose m = -6*f + 4*f + 8. Suppose 0 = -5*x + 3*l + 102, -f*x - 8*l = -3*l - 89. What is the units digit of x?
1
Suppose 0 = -4*k + 2*h + 21 + 33, -57 = -4*k + 5*h. Let p = -10 + k. Suppose -4*z + n + 186 = 21, -p*n - 159 = -4*z. What is the units digit of z?
2
Let s(b) = -b**2 - 8*b + 408. What is the units digit of s(0)?
8
Suppose -3*a = -9*a + 1014. What is the tens digit of a?
6
Let p(y) = -35*y + 2. Let u be p(-7). Suppose -2*w - 158 = -0*w + 4*z, -4*z = -3*w - u. Let k = w + 114. What is the tens digit of k?
3
Let m be (18/(-21))/(2/(-28)). Suppose 4*w - m = 0, 3*k - 1 = w - 4. What is the tens digit of (k + (-2)/6)*-69?
2
Let p(a) = a + 14. Let h be p(-8). Suppose -h*z = -2*z + 12. Let x = z - -10. What is the units digit of x?
7
Suppose 4*a + q = 104 + 832, -5*a + 1185 = 5*q. Suppose -2*b + 597 = a. What is the hundreds digit of b?
1
Let t be 1 + -153 + (-5 - -3). Let u = 218 + t. Wh